6*q + 11. Give o(-5).
56
Let k(q) = 3*q**2 + q - 6. Give k(0).
-6
Let m(s) = -2*s**2 + 30*s - 107. What is m(9)?
1
Let w(z) = 36*z**3 - z**2 + z - 1. Give w(1).
35
Let s(i) = -22*i + 9. Give s(2).
-35
Let d(z) = -z**2 - 17*z - 18. What is d(-16)?
-2
Let s(z) = -2*z**2 - 3*z - 3. Calculate s(-2).
-5
Let f(k) = -k**3 - 14*k**2 - 12*k + 14. Determine f(-13).
1
Let m(p) = -p**3 + 2*p - 1. Determine m(2).
-5
Let n(k) = 2*k**2 - 5*k - 58. Determine n(7).
5
Let w(h) = -2*h**3 + 19*h**2 + 11*h - 2. Determine w(10).
8
Let j(n) = -n**2 + 29*n - 161. Calculate j(21).
7
Let h(l) = 9*l + 42. Calculate h(-4).
6
Let j(h) = 48*h + 14. Give j(-3).
-130
Let j(z) = -z**3 + 7*z**2 - 6*z. Calculate j(6).
0
Let n(w) = 5*w - 22. Calculate n(-10).
-72
Let z(n) = 2*n**2 - 31*n + 27. Determine z(15).
12
Let m(r) = -r**3 + 8*r**2 - 2*r - 10. Determine m(8).
-26
Let a(z) = 2*z + 4. Calculate a(3).
10
Let b(k) = k**2 - 5*k - 3. Give b(7).
11
Let j(x) = x**3 + 5*x**2 - x - 2. Determine j(-6).
-32
Let r(i) = 4*i - 128. Give r(35).
12
Let r(o) = o - 34. Determine r(-24).
-58
Let p(t) = 4*t + 1. What is p(2)?
9
Let s(k) = -k**3 + 10*k**2 - k - 3. Give s(4).
89
Let a(u) = -u**3 - 10*u**2 + 27*u + 40. Determine a(-12).
4
Let k(o) = 3*o**2 - 57*o + 64. Determine k(18).
10
Let i(c) = -2*c**2 + 2*c + 3. Calculate i(-1).
-1
Let m(h) = -2*h**3 - 15*h**2 + 11*h + 16. Determine m(-8).
-8
Let n(i) = i**2 - 38*i + 111. Give n(35).
6
Let t(z) = -z**2 - 18*z - 75. Determine t(-11).
2
Let p(h) = -h**3 + 22*h**2 + 7*h - 149. Give p(22).
5
Let i(p) = 5*p + 29. Determine i(-5).
4
Let p(y) = 4*y**2 + 6*y + 3. Give p(-4).
43
Let m(q) = -q - 3. Calculate m(7).
-10
Let a(i) = i**2 + 8*i + 23. Determine a(-7).
16
Let p(h) = 2*h**2 + 32*h + 25. Determine p(-16).
25
Let t(j) = -4*j + 15. Give t(4).
-1
Let t(i) = i**2 - 10*i + 21. What is t(9)?
12
Let p(y) = -y**3 - 7*y**2 + 4*y - 9. Determine p(-7).
-37
Let d(g) = -49*g - 241. Calculate d(-5).
4
Let f(o) = -7*o - 275. Determine f(-39).
-2
Let q(g) = g + 23. Give q(-10).
13
Let b(g) = -21*g + 271. Determine b(13).
-2
Let l(g) = g**3 - 3*g**2 - 3*g + 8. Give l(5).
43
Let p(w) = -w**2 + 5*w - 2. Determine p(4).
2
Let p(k) = k**3 + 15*k**2 - 39*k - 12. Give p(-17).
73
Let s(k) = 3*k**3 - 4*k - 3. Give s(-3).
-72
Let t(g) = -g**3 + 7*g**2 - 5*g - 3. What is t(5)?
22
Let t(y) = 9*y + 194. Determine t(-22).
-4
Let h(q) = 10*q + 47. Give h(-3).
17
Let i(c) = -c - 8. Determine i(-6).
-2
Let o(x) = -6*x + 79. Give o(10).
19
Let x(d) = 7*d + 573. Give x(-82).
-1
Let r(c) = -c**3 - 8*c**2 + 7*c - 19. Calculate r(-9).
-1
Let b(d) = -d + 14. Calculate b(11).
3
Let d(t) = -t**3 - 7*t**2 - t - 5. What is d(-7)?
2
Let h(n) = -n**3 - 43*n**2 - 36*n + 225. Determine h(-42).
-27
Let g(y) = -2*y - 2. Give g(-4).
6
Let y(s) = -s**2 - 6*s + 4. What is y(-7)?
-3
Let x(n) = n**2 + 16*n + 2. What is x(-8)?
-62
Let l(x) = -8*x - 41. Determine l(-6).
7
Let m(q) = q**2 + 7*q - 49. Determine m(-9).
-31
Let j(a) = 24*a + 215. Calculate j(-9).
-1
Let q(n) = n**2 - 38*n + 61. Calculate q(37).
24
Let p(i) = -i + 18. Calculate p(7).
11
Let p(n) = n**2. Determine p(4).
16
Let k(v) = v - 24. What is k(10)?
-14
Let y(b) = -14*b - 65. Give y(-5).
5
Let x(d) = -2*d**2 - 33*d - 117. Determine x(-5).
-2
Let t(s) = -s**3 + 6*s**2 + 9*s + 8. Determine t(8).
-48
Let f(z) = -7*z**3 - 11*z**2 + 5*z + 3. What is f(-2)?
5
Let w(c) = c**2 + 34*c - 11. Give w(-34).
-11
Let i(j) = -j**3 - 6*j**2 - 4*j + 2. What is i(-5)?
-3
Let x(u) = -u**3 + 36*u**2 + 4*u - 158. Give x(36).
-14
Let t(s) = 79*s**3 + 3*s**2 + 2*s + 1. What is t(-1)?
-77
Let a(o) = 4*o - 12. What is a(5)?
8
Let j(s) = s**3 + 3*s**2 - 8*s + 3. What is j(-5)?
-7
Let i(a) = 3*a + 9. Determine i(-3).
0
Let h(d) = -d**2 - 28*d - 30. Determine h(-27).
-3
Let g(x) = x**3 - x**2 - 7*x + 6. Calculate g(4).
26
Let p(s) = -s**3 + 9*s**2 - 2*s + 3. Give p(9).
-15
Let g(h) = -h - 6. Calculate g(4).
-10
Let f(y) = y**2 - 3*y + 4. Determine f(3).
4
Let u(n) = 6*n + 2. Determine u(2).
14
Let k(y) = -14*y - 305. Determine k(-22).
3
Let x(n) = -n**2 - 4*n + 2. Determine x(0).
2
Let q(f) = f**2 - f - 14. Determine q(6).
16
Let w(d) = d**3 + 56*d**2 - 117*d - 62. Calculate w(-58).
-4
Let h(b) = b**2 + 10*b + 16. What is h(-5)?
-9
Let w(k) = -k + 4. Determine w(2).
2
Let r(z) = 9*z + 7. What is r(-2)?
-11
Let t(x) = -16*x - 1. What is t(3)?
-49
Let s(q) = q**3 - 20*q**2 - 20*q + 34. What is s(21)?
55
Let c(t) = 45*t - 711. Determine c(16).
9
Let i(y) = -5*y + 3. Calculate i(7).
-32
Let v(t) = -28*t + 422. Determine v(15).
2
Let s(m) = m**3 - 6*m**2 - 39*m + 109. Determine s(9).
1
Let f(v) = -2*v**2 + 14*v - 19. Determine f(6).
-7
Let u(l) = -13*l - 14. Give u(-2).
12
Let s(q) = -6*q**2 - 6*q - 15. Give s(-4).
-87
Let b(l) = 17*l**2 + 30*l + 29. What is b(-1)?
16
Let c(d) = 3*d**3 + 3*d**2 - 4*d - 4. What is c(-2)?
-8
Let m(t) = t**2 + 6*t + 3. Calculate m(-7).
10
Let k(d) = -2*d - 2. Give k(10).
-22
Let m(r) = -2*r - 2. Give m(-9).
16
Let p(g) = -9*g - 34. Determine p(-4).
2
Let w(u) = -u + 14. Give w(10).
4
Let c(s) = 2*s**3 - 5*s**2 + 3*s - 4. Give c(3).
14
Let d(h) = -4*h**2 + 4*h - 3. Calculate d(1).
-3
Let i(c) = -c**3 - 5*c**2 + 5*c + 10. What is i(-6)?
16
Let k(r) = -19*r**3 - 6*r - 5. Calculate k(-1).
20
Let n(m) = 2*m**3 - 20*m**2 + 11*m + 22. Give n(9).
-41
Let h(i) = -i**3 - 3*i**2 + 13*i - 6. What is h(-6)?
24
Let f(v) = v**2 - 27*v - 525. What is f(40)?
-5
Let y(o) = 2*o + 15. What is y(-8)?
-1
Let t(j) = -j**2 + 5*j + 2. What is t(6)?
-4
Let n(o) = -o**2 - 50*o - 94. What is n(-48)?
2
Let t(h) = 9*h + 36. What is t(-5)?
-9
Let k(l) = 17*l + 71. Calculate k(-4).
3
Let x(v) = -7*v + 7. Give x(-2).
21
Let j(i) = i + 14. Calculate j(-10).
4
Let a(p) = -p**2 + 4*p - 1. Give a(-5).
-46
Let o(q) = q**2 - 9*q + 13. Give o(9).
13
Let d(i) = 6*i + 122. What is d(-21)?
-4
Let p(o) = 9*o - 181. Give p(21).
8
Let j(y) = -2*y + 10. Determine j(-5).
20
Let f(m) = 6*m**2 - 2*m + 1. Give f(1).
5
Let x(n) = n**2 + 1. Calculate x(-1).
2
Let k(d) = -d**2 - 34*d - 136. Calculate k(-4).
-16
Let w(m) = -m + 7. Determine w(-3).
10
Let l(h) = 9*h - 23. Determine l(4).
13
Let o(l) = -l**3 - 4*l**2 + l - 6. What is o(-4)?
-10
Let o(d) = 2*d**2 - 81*d - 53. Calculate o(41).
-12
Let v(m) = -4*m**2 + 14*m + 7. Calculate v(4).
-1
Let j(f) = f**2 + f - 1. Determine j(-1).
-1
Let l(m) = 6*m + 223. What is l(-31)?
37
Let y(u) = u**3 - 4*u**2 - 5*u + 1. Determine y(-2).
-13
Let v(z) = -6*z**2 + 60*z + 55. Give v(11).
-11
Let r(m) = -3*m + 2. What is r(4)?
-10
Let r(x) = 2*x**2 + 6*x - 1. Determine r(-6).
35
Let h(s) = -2*s + 6. Give h(-6).
18
Let v(r) = -8*r**2 - 5*r - 4. Give v(-1).
-7
Let b(h) = h**3 + 5*h**2 - 7*h + 5. What is b(-6)?
11
Let i(d) = -2*d**2 + 23*d + 4. Calculate i(13).
-35
Let m(b) = 2*b**2 + 111*b + 320. Give m(-3).
5
Let l(i) = -4*i + 5. What is l(4)?
-11
Let p(y) = -32*y**2 - y - 1. What is p(2)?
-131
Let o(m) = 11*m**3 - m**2 + 3*m - 3. What is o(1)?
10
Let g(q) = q**3 - 2*q - 2. What is g(-2)?
-6
Let i(g) = -3*g + 5. Determine i(-8).
29
Let a(g) = g**2 - 22*g + 61. Calculate a(18).
-11
Let h(m) = 3*m - 73. Calculate h(23).
-4
Let w(m) = 4*m - 62. Determine w(18).
10
Let s(y) = 19*y**3 - y**2 - y. Determine s(-2).
-154
Let x(v) = v**2 - 24*v - 159. Calculate x(29).
-14
Let m(r) = r + 16. Give m(-11).
5
Let y(d) = 9*d - 137. Give y(16).
7
Let t(i) = i - 11. Calculate t(4).
-7
Let n(a) = -a**2 - 10*a + 33. Determine n(-13).
-6
Let v(n) = -116*n**3 - 2*n + 1. Give v(1).
-117
Let d(y) = -9*y**2 - 78*y - 32. Determine d(-8).
16
Let q(l) = -l**2 + 15*l + 102. Determine q(20).
2
Let y(u) = 6*u**3 + u**2 + u + 1. What is y(-1)?
-5
Let v(u) = u**3 - 2*u**2 - u + 10. What is v(0)?
10
Let x(f) = 38*f**2 + 2*f + 2. Calculate x(-1).
38
Let l(y) = -5*y**2 + y - 16. Give l(4).
-92
Let d(m) = 8*m - 77. Determine d(8).
-13
Let w(u) = -u**3 + 11*u**2 + 12*u + 4. Calculate w(12).
4
Let q(c) = 2*c + 11. Give q(-5).
1
Let z(r) = r - 2. Calculate z(-5).
-7
Let c(k) = -2*k**2 + 24*k - 12. Determine c(11).
10
Let p(m) = -2*m**2 - 33*m - 15. What is p(-16)?
1
Let t(d) = -d**3 + 16*d**2 - 14*d - 14. What is t(15)?
1
Let r(k) = -k**3 - 7*k**2 - 3*k - 8. Calculate r(-7).
13
Let a(x) = -24*x**3 - x**2 + x. Give a(1).
-24
Let i(c) = c**3 + 3*c**2 + c - 5. Determine i(-3).
-8
Let 